isor of 32 and a.
16
Suppose j + 43*j = 9680. Let q be 4*((-30)/8 - 0). Let v = q + 35. Calculate the highest common divisor of v and j.
20
Let j(y) = y**3 - 5*y**2 + 3*y - 4. Let a be j(5). Suppose 5*k - 4 = a. What is the greatest common factor of 27 and k?
3
Suppose 0 = -b + 3*b, -5*b - 62 = -2*g. Suppose 0 = -3*c + g + 32. Suppose h + 3*h = 672. Calculate the highest common divisor of c and h.
21
Suppose 4 = 5*h - 11. Suppose 3*b - x = h*x + 212, -2*x - 344 = -5*b. What is the greatest common divisor of b and 51?
17
Suppose 2*r - 12 = 4*l, r - l + 4 - 9 = 0. Suppose -r*d + 21 = -35. Let c = 32 - d. What is the highest common divisor of c and 9?
9
Let s be (-8)/6*(-108)/(-24) - -279. What is the highest common divisor of s and 42?
21
Let g(z) = z + 52. Let u be g(-6). Calculate the greatest common factor of u and 322.
46
Let v be 1*(18/14 - (-4)/(-14)). Calculate the greatest common factor of 4 and v.
1
Suppose 2*p - 4*g - 32 = -0*p, 3*g = 2*p - 35. What is the highest common factor of 6 and p?
2
Let h be 29/3 - (-23)/((-621)/18). Calculate the greatest common factor of 9 and h.
9
Let s = 104 - 93. Calculate the highest common factor of 682 and s.
11
Let j = 17 - -33. Let c be (-2*15/j)/((-1)/25). Calculate the highest common divisor of 45 and c.
15
Let p = 54 + -36. Let h(d) = 2*d - 21. Let x be h(16). Let a = x + 115. Calculate the greatest common divisor of a and p.
18
Let b = -20 + -4. Let i be (27/18)/((-2)/b). What is the greatest common divisor of 54 and i?
18
Let l be (-14)/42 + 2163/9. What is the greatest common factor of 48 and l?
48
Let l(n) = -40*n + 3159. Let h be l(0). Calculate the highest common divisor of 13 and h.
13
Let q = 10 + 2. Let w be (q/(-8))/((-6)/16). Suppose 0 = 5*t + w*j - 3*j - 51, 4*t = -3*j + 32. Calculate the highest common factor of t and 66.
11
Let x = 3 + 0. Suppose -2*d = -x*q + 134, 0 = 3*q + 7*d - 6*d - 122. Suppose 3*o - 62 = 1. What is the highest common divisor of q and o?
21
Let k = 97 - 67. Suppose 3*b - 15 = 2*w, -w - 4 = -b - 0*w. Suppose -27 = -2*y - b. Calculate the greatest common divisor of k and y.
10
Let q(s) = 8*s + 1. Let o be q(4). Let c = -309 - -331. What is the highest common factor of o and c?
11
Let j(w) = -24*w - 422. Let r be j(-18). Suppose -5*z = 5*n + 5, 3*z + 12 = -5*n + 3. Let t be (5/2)/(n/(-30)). What is the greatest common factor of t and r?
5
Let k(q) = q - 20. Let d be k(13). Let n = 15 + d. Calculate the greatest common divisor of n and 4.
4
Let z(s) = -7*s**2 + 2*s + 10 + 2*s + s**3 + s. Let x be z(7). Calculate the greatest common factor of 9 and x.
9
Let d(m) = m**3 + 22*m**2 + 4*m + 91. Let t be d(-22). What is the highest common divisor of t and 41?
1
Suppose -b = -3*b + 12. Suppose -657 = -4*v - h + 2*h, 0 = -4*v - 4*h + 632. Let o = -97 + v. What is the highest common factor of b and o?
6
Let v = -1933 + 2881. Calculate the highest common factor of v and 12.
12
Let b = 111 + 314. What is the highest common factor of b and 50?
25
Let i(k) = 2*k**2 + 19*k + 9. Let r be i(-9). Let t = 22 + r. What is the greatest common factor of t and 2?
2
Suppose 2*c = 2, 96 = -q - 4*c + 520. Suppose 2*s = 8*s - q. What is the highest common factor of s and 10?
10
Let y = 1811 - 1239. What is the greatest common divisor of 78 and y?
26
Let f(s) = 6*s + 3. Let j(b) = 7*b + 4. Let z(a) = -6*f(a) + 5*j(a). Let m be z(3). Let p be (3/2 + m)*24. Calculate the greatest common factor of 96 and p.
12
Let d be 182 + -1 + (4/4)/(-1). Calculate the highest common divisor of d and 144.
36
Let s = -1 - -2. Let k be 1*52/(2 - s). Suppose -k - 20 = -t. What is the greatest common divisor of t and 8?
8
Suppose 0 = 4*y - 0*y - 1344. Calculate the highest common factor of y and 12.
12
Let a(h) = -1 + 3*h + 3*h**2 - 2*h**2 - 1. Let t be a(-3). Let v(u) = -4*u**3 + 2*u**2 - u - 2. Let d be v(t). What is the highest common factor of 8 and d?
8
Let l(p) = -p**3 + 23*p**2 + 25*p + 107. Let o be l(23). Calculate the highest common divisor of 22 and o.
22
Suppose -40*z - 760 = -45*z. Let x = -68 + z. Calculate the greatest common divisor of x and 12.
12
Let c(o) = -o - 3. Suppose -2*w - 29 = 3*d, -4*w + 0*d + d - 37 = 0. Let f be c(w). What is the greatest common factor of f and 7?
7
Let g(h) = -h**3 - 8*h**2 - 3*h + 8. Let d be g(-7). Suppose -128 = a + 3*v, -12 = -0*v + 3*v. Let c = d - a. Calculate the greatest common factor of 64 and c.
32
Suppose 156 = 4*h + 4*b, 5*h = -2*b + 3*b + 195. Suppose h = 4*y - x, 0*y = -2*y + 5*x + 15. What is the highest common factor of y and 15?
5
Suppose 1 = z + 3, p - 4*z - 10 = 0. Let t be (170/35 - -3) + p/14. What is the greatest common factor of 1 and t?
1
Let u(y) = y**2 - 6*y + 3. Let p be u(5). Let s be 19 + (-3 - (p - 0)). Calculate the greatest common divisor of s and 144.
18
Suppose -3*h - 9 = 0, 3*h - 12 = 5*c - 56. Let v be -33*(2 + (-26)/6). What is the highest common factor of v and c?
7
Suppose -4*s + 2*s = -4. Suppose 4*l = -s*z + 48, 10 - 82 = -3*z + 5*l. Calculate the highest common factor of z and 3.
3
Let k be (-6 - 0)/(0 - 4/24). Calculate the greatest common factor of 180 and k.
36
Let a = 26 + 101. Let z = a - 93. What is the greatest common factor of z and 17?
17
Suppose -2*t - 9 = -5*p - 56, 3*t - 77 = p. Let a be 10*-1*((-48)/10)/(-4). Let b be 0 - (0 + -1) - 1*a. Calculate the highest common divisor of t and b.
13
Let p be 6*1/3 - (-83 + 1). Let m = -68 + p. Calculate the greatest common factor of m and 4.
4
Suppose 423*y - 435*y = -23808. Calculate the highest common factor of 64 and y.
64
Suppose -3809 = -25*y - 484. What is the highest common factor of y and 19?
19
Let j be (-1)/((-38)/39 + 1). Let y be -3 - (1 + j/3). Let n be 18*(-3)/y*-9. What is the highest common factor of 6 and n?
6
Let f = 38 + -33. Suppose 37 = f*g - 33. What is the highest common factor of g and 28?
14
Let f(g) = 54*g**3 - 2*g**2 - 4*g + 4. Let s be f(2). Calculate the greatest common factor of s and 30.
30
Let g(a) = -118*a + 3. Let i be g(-3). What is the highest common divisor of i and 51?
51
Let j(h) = 10*h**2 - 6*h + 5. Let n be j(-5). Let m be (-2)/(-4) - n/(-30). Let r be (-6)/10 - (-146)/m. What is the greatest common factor of 14 and r?
14
Let j(l) = -l**2 - 8*l - 9. Let u be j(-6). Let f = -160 - -146. Let i be u/(-1*6/f). Calculate the highest common divisor of i and 77.
7
Let l be 6/((-48)/(-56)) - (3 + -1143). Calculate the highest common factor of l and 74.
37
Let c(u) = 70*u + 1. Let z be c(-1). Let x = z - -97. Suppose 3*v - d = 47, 0 = 4*v - 0*d - d - 61. What is the greatest common factor of x and v?
14
Let g be (21/14)/3*84. What is the highest common divisor of 120 and g?
6
Let i(g) = g**3 - 4*g**2 - 3*g + 1. Let u be i(4). Let t be 1 + (1 - 4 - u). Calculate the highest common factor of 18 and t.
9
Let m(v) = 32*v**2 + 22*v + 21. Let l(y) = -11*y**2 - 7*y - 7. Let u(a) = 11*l(a) + 4*m(a). Let n be u(-4). What is the highest common divisor of n and 30?
15
Suppose -75 = 3*d - 6*d. Suppose d + 3 = -y. Let k be y/(-126) + 986/18. What is the highest common divisor of 5 and k?
5
Let p be (-1)/4 + (-85)/(-20). Suppose 4*v + 8 = -4*z, -p*v - 22 - 10 = -4*z. Suppose -2*f - z = -27. What is the highest common divisor of 36 and f?
12
Let z(k) = 13*k**2 + 197*k**3 - 28 + 21*k - 96*k**3 - 102*k**3. Let i be z(14). What is the greatest common divisor of i and 28?
14
Let i(h) = -5*h - 16. Let u be i(-13). Let d = u - 33. Calculate the highest common divisor of d and 2.
2
Suppose 505 = t - 67. Let o(v) = 3*v**3 + 15*v**2 + v + 8. Let z be o(-4). Calculate the greatest common divisor of z and t.
52
Suppose 2*t - 648 = -6*t. Calculate the greatest common factor of t and 54.
27
Let n be 4/14 + (-3)/(231/(-16918)). Calculate the highest common divisor of 60 and n.
20
Let j be 1/(2/4) + (-432)/(-8). What is the highest common divisor of 280 and j?
56
Let u be 84/18*(-216)/(-84). Suppose c + 20 = 3*x + 2*x, 4*x - 7 = -c. Calculate the greatest common divisor of x and u.
3
Let z be 1311/114 + 1/2 + 0. Calculate the highest common factor of 28 and z.
4
Suppose -l - 210 = -8*l. Let j be 10/3*72/l. What is the greatest common divisor of 8 and j?
8
Let g be -6 + (4 + 5 - 4). Let o(a) = -89*a**3 - 3*a**2 + 1. Let v be o(g). Calculate the greatest common factor 